{"id":38,"date":"2024-05-12T12:01:05","date_gmt":"2024-05-12T10:01:05","guid":{"rendered":"http:\/\/www.voyage-laponie-explorer.org\/?page_id=38"},"modified":"2024-07-06T08:51:22","modified_gmt":"2024-07-06T06:51:22","slug":"voyage-laponie-raid-motoneige-2025-2026-tout-compris-voyages-sejours-finlande-suede-laponie-explorer","status":"publish","type":"page","link":"https:\/\/www.voyage-laponie-explorer.org\/index.php\/voyage-laponie-raid-motoneige-2025-2026-tout-compris-voyages-sejours-finlande-suede-laponie-explorer\/","title":{"rendered":"Voyage Laponie Raid Motoneige"},"content":{"rendered":"\n<figure class=\"wp-block-image size-large\"><img loading=\"lazy\" decoding=\"async\" width=\"1024\" height=\"571\" src=\"http:\/\/www.voyage-laponie-explorer.org\/wp-content\/uploads\/2024\/05\/voyage-laponie-raid-motoneige-2025-2026-tout-compris-voyages-sejours-finlande-suede-laponie-explorer-1024x571.jpg\" alt=\"voyage Laponie raid motoneige 2025 2026 tout compris voyages s\u00e9jours Finlande Su\u00e8de Laponie Explorer\" class=\"wp-image-39\" srcset=\"https:\/\/www.voyage-laponie-explorer.org\/wp-content\/uploads\/2024\/05\/voyage-laponie-raid-motoneige-2025-2026-tout-compris-voyages-sejours-finlande-suede-laponie-explorer-1024x571.jpg 1024w, https:\/\/www.voyage-laponie-explorer.org\/wp-content\/uploads\/2024\/05\/voyage-laponie-raid-motoneige-2025-2026-tout-compris-voyages-sejours-finlande-suede-laponie-explorer-300x167.jpg 300w, https:\/\/www.voyage-laponie-explorer.org\/wp-content\/uploads\/2024\/05\/voyage-laponie-raid-motoneige-2025-2026-tout-compris-voyages-sejours-finlande-suede-laponie-explorer-768x428.jpg 768w, https:\/\/www.voyage-laponie-explorer.org\/wp-content\/uploads\/2024\/05\/voyage-laponie-raid-motoneige-2025-2026-tout-compris-voyages-sejours-finlande-suede-laponie-explorer.jpg 1200w\" sizes=\"auto, (max-width: 1024px) 100vw, 1024px\" \/><figcaption class=\"wp-element-caption\">voyage Laponie raid motoneige 2025 2026 tout compris voyages s\u00e9jours Finlande Su\u00e8de Laponie Explorer<\/figcaption><\/figure>\n\n\n\n<p>Voyage Laponie Raid Motoneige 2025 2026 tout compris avec Laponie Explorer !<br><br>La motoneige est le meilleur moyen de circuler en Laponie ! En effet, ce pays enneig\u00e9 une bonne partie de l\u2019ann\u00e9e fait de la motoneige le v\u00e9hicule ad\u00e9quat pour circuler \u00e0 travers ses paysages captivants. Nos raids motoneige en Laponie organis\u00e9s par notre \u00e9quipe Laponie Explorer sont la parfaite opportunit\u00e9 pour d\u00e9couvrir la Su\u00e8de, la Norv\u00e8ge et la Finlande sauvage avec les conseils d&rsquo;une agence sp\u00e9cialiste des raids motoneige. D\u00e9couvrez nos circuits motoneige en Laponie ! Propos\u00e9s par nos experts, nos safaris et raids motoneige Laponie vous emm\u00e8nent en toute s\u00e9curit\u00e9. Passionn\u00e9s par la motoneige et les grands espaces de la Laponie, vous partez en raid motoneige bien entour\u00e9 et bien conseill\u00e9. Lors de votre voyage au c\u0153ur de la Laponie, vous pourrez c\u00f4toyer les plus belles r\u00e9gions du pays \u00e0 votre rythme. Les voyages en Laponie que nous proposons sont donc le compromis parfait entre ride et d\u00e9couvertes, le tout encadr\u00e9 avec des vrais baroudeurs professionnels passionn\u00e9s par ce type d\u2019engin et par ce fabuleux pays. Partez pour un raid motoneige en Laponie \u00e0 la p\u00e9riode que vous voulez ou rejoignez un groupe de rider qui comme vous, souhaite d\u00e9couvrir ce pays f\u00e9erique.<br>Nos voyages, safaris ou raids motoneige en Laponie, sont l\u2019occasion de d\u00e9couvrir un monde de silence et de grands espaces. Vous vous faites plaisir en conduisant votre motoneige en Laponie aux cot\u00e9s d\u2019un guide expert de la r\u00e9gion ! Trac\u00e9s par des experts locaux, les circuits motoneige Laponie vous permettent de vivre ou revivre une aventure motoneige toujours pleine de surprises. Nos voyages motoneige Laponie vous font d\u00e9couvrir la Su\u00e8de, la Finlande ou la Norv\u00e8ge, selon vos envies !<br>La Laponie est un des coins les plus recul\u00e9s dans le monde entier, mais cette nature sauvage est pleine de beaut\u00e9. Vous pourrez d\u00e9couvrir les saisons uniques de cette zone : pas de soleil pendant plusieurs jours de suite en plein hiver, et la lumi\u00e8re du soleil \u00e0 minuit pendant l\u2019\u00e9t\u00e9. Cette r\u00e9gion est connue pour les nombreuses activit\u00e9s en ext\u00e9rieur qu\u2019elle propose, comme le ski en hiver. Pendant l\u2019\u00e9t\u00e9, il y a plein d\u2019autres activit\u00e9s possibles comme le trekking, la chasse ou la p\u00eache. La Laponie est \u00e9galement la r\u00e9gion o\u00f9 vivent les Samis, une population indig\u00e8ne qui survit gr\u00e2ce \u00e0 l\u2019\u00e9levage de rennes. <br>Parmi nos voyages safaris et raids motoneige en Laponie, un large choix s\u2019offre \u00e0 vous ! Vous aurez le choix entre d\u00e9couvrir un ou plusieurs pays nordiques. De la Finlande \u00e0 la Su\u00e8de, en passant par la Norv\u00e8ge, pourquoi ne pas tous les d\u00e9couvrir ?<br>Nos circuits motoneige en Laponie vous permettront de d\u00e9couvrir la nature sauvage de la Laponie, le tout, dans un d\u00e9cor somptueux et \u00e9clatant, en passant par des pistes longeant les for\u00eats habit\u00e9es de troupeaux de rennes. <br>En pilotant votre motoneige, les sensations de ride ne manqueront pas. Ces pistes sont g\u00e9n\u00e9ralement peu fr\u00e9quent\u00e9es, ce qui permet une meilleure glisse de votre engin. Et pour vous reposer de vos s\u00e9ances de raid, vous aurez l\u2019occasion de vous d\u00e9tendre dans les sauna chauds et les jacuzzis, situ\u00e9s un peu partout en Laponie.<br>Pour d\u00e9couvrir la faune unique de la Laponie, partez en raid motoneige au c\u0153ur de la r\u00e9gion Taiga. Enti\u00e8rement enneig\u00e9e, cette r\u00e9gion de la Laponie vous r\u00e9serve des paysages \u00e9poustouflants dans un environnement totalement blanc. Vous profiterez des paysages naturels pour pique-niquer dans cette vaste \u00e9tendue bois\u00e9e au charme sans pr\u00e9c\u00e9dent. Votre circuit motoneige Laponie se poursuivra le long de la fronti\u00e8re entre la Finlande et la Su\u00e8de pour d\u00e9couvrir les collines et les lacs gel\u00e9s de la Laponie.<br>Vous contemplerez les plus beaux lacs de la Laponie, dont le lac d\u2019Inari. L\u2019environnement est id\u00e9al pour un bon pique-nique au coin du feu o\u00f9 les aurores bor\u00e9ales illumineront vos soir\u00e9es !<br>Profitez d\u2019un voyage motoneige Laponie pour parcourir la Norv\u00e8ge et la Finlande. Ces deux destinations sont \u00e0 la fois compl\u00e9mentaires et diff\u00e9rentes ! Vous pourrez contempler la Su\u00e8de au Sud et la Norv\u00e8ge au Nord. Vous traverserez les Alpes Scandinaves. Nos raids motoneige vous feront prendre de la hauteur \u00e0 bord de votre moto des neiges ! Et pour encore plus de surprises, Laissez-vous surprendre par nos autres voyages motoneige Laponie\u2026<br>Avec l\u2019expertise de notre \u00e9quipe Laponie Explorer, votre prochain safari ou raid motoneige Laponie sera une aventure \u00e0 jamais marqu\u00e9e dans votre m\u00e9moire ! Vivez cette exp\u00e9rience unique avec vos proches ou rejoignez un groupe de rider pour des souvenirs m\u00e9morables ! Prenez une grande bouff\u00e9e d\u2019air frais pour rejoindre le cercle polaire arctique lors d\u2019un raid en motoneige !<\/p>\n\n\n\n<p>D\u00e9couvrez nos autres voyages en Laponie, Finlande, Su\u00e8de, Norv\u00e8ge et Islande :<br>\u2013\u00a0<a href=\"http:\/\/www.voyage-laponie-explorer.org\/index.php\/voyage-laponie-finlande-suede-multi-activites-2025-2026-tout-compris-hotel-chalet-prive-laponie-explorer\/\">Voyages Laponie Multi-Activit\u00e9s<\/a><br>\u2013\u00a0<a href=\"http:\/\/www.voyage-laponie-explorer.org\/index.php\/voyages-sejours-laponie-finlande-suede-multi-activites-2025-2026-tout-compris-laponie-explorer\/\">Voyages Laponie Multi-Activit\u00e9s niveau Explorer<\/a><br>\u2013\u00a0<a href=\"https:\/\/www.voyage-laponie-explorer.org\/index.php\/voyage-laponie-safari-motoneige-2025-2026-tout-compris-voyage-laponie-explorer\/\">Voyages Laponie Safari Motoneige<\/a><br>\u2013\u00a0<a href=\"https:\/\/www.voyage-laponie-explorer.org\/index.php\/voyage-laponie-raid-motoneige-2025-2026-tout-compris-voyages-sejours-finlande-suede-laponie-explorer\/\">Voyage Laponie Raid Motoneige<\/a><br><br>Votre prochain voyage Laponie Raid Motoneige 2025 2026 tout compris avec Laponie Explorer, <br>Pr\u00e9parer et organiser votre prochain voyage en Laponie avec nous\u00a0<strong>Laponie Explorer<\/strong>,<br>Contactez nous !<\/p>\n","protected":false},"excerpt":{"rendered":"<p>Voyage Laponie Raid Motoneige 2025 2026 tout compris avec Laponie Explorer ! La motoneige est le meilleur moyen de circuler en Laponie ! En effet, ce pays enneig\u00e9 une bonne partie de l\u2019ann\u00e9e fait de la motoneige le v\u00e9hicule ad\u00e9quat pour circuler \u00e0 travers ses paysages captivants. Nos raids motoneige en Laponie organis\u00e9s par notre&#8230;<\/p>\n","protected":false},"author":1,"featured_media":0,"parent":0,"menu_order":0,"comment_status":"closed","ping_status":"closed","template":"","meta":{"_kad_post_transparent":"","_kad_post_title":"","_kad_post_layout":"","_kad_post_sidebar_id":"","_kad_post_content_style":"","_kad_post_vertical_padding":"","_kad_post_feature":"","_kad_post_feature_position":"","_kad_post_header":false,"_kad_post_footer":false,"footnotes":""},"class_list":["post-38","page","type-page","status-publish","hentry"],"yoast_head":"<!-- This site is optimized with the Yoast SEO plugin v22.6 - https:\/\/yoast.com\/wordpress\/plugins\/seo\/ -->\n<title>voyage Laponie raid motoneige 2025 2026 tout compris voyages s\u00e9jours Finlande Su\u00e8de Laponie Explorer<\/title>\n<meta name=\"description\" content=\"voyage Laponie raid motoneige 2025 2026 tout compris voyages s\u00e9jours Finlande Su\u00e8de Laponie Explorer, voyage s\u00e9jour Laponie raid motoneige 2025 2026 tout compris voyages s\u00e9jours Finlande Su\u00e8de Laponie Explorer\" \/>\n<meta name=\"robots\" content=\"index, follow, max-snippet:-1, max-image-preview:large, max-video-preview:-1\" \/>\n<link rel=\"canonical\" href=\"https:\/\/www.voyage-laponie-explorer.org\/index.php\/voyage-laponie-raid-motoneige-2025-2026-tout-compris-voyages-sejours-finlande-suede-laponie-explorer\/\" \/>\n<meta property=\"og:locale\" content=\"fr_FR\" \/>\n<meta property=\"og:type\" content=\"article\" \/>\n<meta property=\"og:title\" content=\"voyage Laponie raid motoneige 2025 2026 tout compris voyages s\u00e9jours Finlande Su\u00e8de Laponie Explorer\" \/>\n<meta property=\"og:description\" content=\"voyage Laponie raid motoneige 2025 2026 tout compris voyages s\u00e9jours Finlande Su\u00e8de Laponie Explorer, voyage s\u00e9jour Laponie raid motoneige 2025 2026 tout compris voyages s\u00e9jours Finlande Su\u00e8de Laponie Explorer\" \/>\n<meta property=\"og:url\" content=\"https:\/\/www.voyage-laponie-explorer.org\/index.php\/voyage-laponie-raid-motoneige-2025-2026-tout-compris-voyages-sejours-finlande-suede-laponie-explorer\/\" \/>\n<meta property=\"og:site_name\" content=\"Laponie Explorer\" \/>\n<meta property=\"article:modified_time\" content=\"2024-07-06T06:51:22+00:00\" \/>\n<meta property=\"og:image\" content=\"http:\/\/www.voyage-laponie-explorer.org\/wp-content\/uploads\/2024\/05\/voyage-laponie-raid-motoneige-2025-2026-tout-compris-voyages-sejours-finlande-suede-laponie-explorer-1024x571.jpg\" \/>\n<meta name=\"twitter:card\" content=\"summary_large_image\" \/>\n<meta name=\"twitter:label1\" content=\"Dur\u00e9e de lecture estim\u00e9e\" \/>\n\t<meta name=\"twitter:data1\" content=\"5 minutes\" \/>\n<script type=\"application\/ld+json\" class=\"yoast-schema-graph\">{\"@context\":\"https:\/\/schema.org\",\"@graph\":[{\"@type\":\"WebPage\",\"@id\":\"https:\/\/www.voyage-laponie-explorer.org\/index.php\/voyage-laponie-raid-motoneige-2025-2026-tout-compris-voyages-sejours-finlande-suede-laponie-explorer\/\",\"url\":\"https:\/\/www.voyage-laponie-explorer.org\/index.php\/voyage-laponie-raid-motoneige-2025-2026-tout-compris-voyages-sejours-finlande-suede-laponie-explorer\/\",\"name\":\"voyage Laponie raid motoneige 2025 2026 tout compris voyages s\u00e9jours Finlande Su\u00e8de Laponie Explorer\",\"isPartOf\":{\"@id\":\"https:\/\/www.voyage-laponie-explorer.org\/#website\"},\"primaryImageOfPage\":{\"@id\":\"https:\/\/www.voyage-laponie-explorer.org\/index.php\/voyage-laponie-raid-motoneige-2025-2026-tout-compris-voyages-sejours-finlande-suede-laponie-explorer\/#primaryimage\"},\"image\":{\"@id\":\"https:\/\/www.voyage-laponie-explorer.org\/index.php\/voyage-laponie-raid-motoneige-2025-2026-tout-compris-voyages-sejours-finlande-suede-laponie-explorer\/#primaryimage\"},\"thumbnailUrl\":\"http:\/\/www.voyage-laponie-explorer.org\/wp-content\/uploads\/2024\/05\/voyage-laponie-raid-motoneige-2025-2026-tout-compris-voyages-sejours-finlande-suede-laponie-explorer-1024x571.jpg\",\"datePublished\":\"2024-05-12T10:01:05+00:00\",\"dateModified\":\"2024-07-06T06:51:22+00:00\",\"description\":\"voyage Laponie raid motoneige 2025 2026 tout compris voyages s\u00e9jours Finlande Su\u00e8de Laponie Explorer, voyage s\u00e9jour Laponie raid motoneige 2025 2026 tout compris voyages s\u00e9jours Finlande Su\u00e8de Laponie Explorer\",\"breadcrumb\":{\"@id\":\"https:\/\/www.voyage-laponie-explorer.org\/index.php\/voyage-laponie-raid-motoneige-2025-2026-tout-compris-voyages-sejours-finlande-suede-laponie-explorer\/#breadcrumb\"},\"inLanguage\":\"fr-FR\",\"potentialAction\":[{\"@type\":\"ReadAction\",\"target\":[\"https:\/\/www.voyage-laponie-explorer.org\/index.php\/voyage-laponie-raid-motoneige-2025-2026-tout-compris-voyages-sejours-finlande-suede-laponie-explorer\/\"]}]},{\"@type\":\"ImageObject\",\"inLanguage\":\"fr-FR\",\"@id\":\"https:\/\/www.voyage-laponie-explorer.org\/index.php\/voyage-laponie-raid-motoneige-2025-2026-tout-compris-voyages-sejours-finlande-suede-laponie-explorer\/#primaryimage\",\"url\":\"https:\/\/www.voyage-laponie-explorer.org\/wp-content\/uploads\/2024\/05\/voyage-laponie-raid-motoneige-2025-2026-tout-compris-voyages-sejours-finlande-suede-laponie-explorer.jpg\",\"contentUrl\":\"https:\/\/www.voyage-laponie-explorer.org\/wp-content\/uploads\/2024\/05\/voyage-laponie-raid-motoneige-2025-2026-tout-compris-voyages-sejours-finlande-suede-laponie-explorer.jpg\",\"width\":1200,\"height\":669,\"caption\":\"voyage Laponie raid motoneige 2025 2026 tout compris voyages s\u00e9jours Finlande Su\u00e8de Laponie Explorer\"},{\"@type\":\"BreadcrumbList\",\"@id\":\"https:\/\/www.voyage-laponie-explorer.org\/index.php\/voyage-laponie-raid-motoneige-2025-2026-tout-compris-voyages-sejours-finlande-suede-laponie-explorer\/#breadcrumb\",\"itemListElement\":[{\"@type\":\"ListItem\",\"position\":1,\"name\":\"Accueil\",\"item\":\"https:\/\/www.voyage-laponie-explorer.org\/\"},{\"@type\":\"ListItem\",\"position\":2,\"name\":\"Voyage Laponie Raid Motoneige\"}]},{\"@type\":\"WebSite\",\"@id\":\"https:\/\/www.voyage-laponie-explorer.org\/#website\",\"url\":\"https:\/\/www.voyage-laponie-explorer.org\/\",\"name\":\"Laponie Explorer\",\"description\":\"Laponie finlandaise et su\u00e9doise\",\"potentialAction\":[{\"@type\":\"SearchAction\",\"target\":{\"@type\":\"EntryPoint\",\"urlTemplate\":\"https:\/\/www.voyage-laponie-explorer.org\/?s={search_term_string}\"},\"query-input\":\"required name=search_term_string\"}],\"inLanguage\":\"fr-FR\"}]}<\/script>\n<!-- \/ Yoast SEO plugin. -->","yoast_head_json":{"title":"voyage Laponie raid motoneige 2025 2026 tout compris voyages s\u00e9jours Finlande Su\u00e8de Laponie Explorer","description":"voyage Laponie raid motoneige 2025 2026 tout compris voyages s\u00e9jours Finlande Su\u00e8de Laponie Explorer, voyage s\u00e9jour Laponie raid motoneige 2025 2026 tout compris voyages s\u00e9jours Finlande Su\u00e8de Laponie Explorer","robots":{"index":"index","follow":"follow","max-snippet":"max-snippet:-1","max-image-preview":"max-image-preview:large","max-video-preview":"max-video-preview:-1"},"canonical":"https:\/\/www.voyage-laponie-explorer.org\/index.php\/voyage-laponie-raid-motoneige-2025-2026-tout-compris-voyages-sejours-finlande-suede-laponie-explorer\/","og_locale":"fr_FR","og_type":"article","og_title":"voyage Laponie raid motoneige 2025 2026 tout compris voyages s\u00e9jours Finlande Su\u00e8de Laponie Explorer","og_description":"voyage Laponie raid motoneige 2025 2026 tout compris voyages s\u00e9jours Finlande Su\u00e8de Laponie Explorer, voyage s\u00e9jour Laponie raid motoneige 2025 2026 tout compris voyages s\u00e9jours Finlande Su\u00e8de Laponie Explorer","og_url":"https:\/\/www.voyage-laponie-explorer.org\/index.php\/voyage-laponie-raid-motoneige-2025-2026-tout-compris-voyages-sejours-finlande-suede-laponie-explorer\/","og_site_name":"Laponie Explorer","article_modified_time":"2024-07-06T06:51:22+00:00","og_image":[{"url":"http:\/\/www.voyage-laponie-explorer.org\/wp-content\/uploads\/2024\/05\/voyage-laponie-raid-motoneige-2025-2026-tout-compris-voyages-sejours-finlande-suede-laponie-explorer-1024x571.jpg"}],"twitter_card":"summary_large_image","twitter_misc":{"Dur\u00e9e de lecture estim\u00e9e":"5 minutes"},"schema":{"@context":"https:\/\/schema.org","@graph":[{"@type":"WebPage","@id":"https:\/\/www.voyage-laponie-explorer.org\/index.php\/voyage-laponie-raid-motoneige-2025-2026-tout-compris-voyages-sejours-finlande-suede-laponie-explorer\/","url":"https:\/\/www.voyage-laponie-explorer.org\/index.php\/voyage-laponie-raid-motoneige-2025-2026-tout-compris-voyages-sejours-finlande-suede-laponie-explorer\/","name":"voyage Laponie raid motoneige 2025 2026 tout compris voyages s\u00e9jours Finlande Su\u00e8de Laponie Explorer","isPartOf":{"@id":"https:\/\/www.voyage-laponie-explorer.org\/#website"},"primaryImageOfPage":{"@id":"https:\/\/www.voyage-laponie-explorer.org\/index.php\/voyage-laponie-raid-motoneige-2025-2026-tout-compris-voyages-sejours-finlande-suede-laponie-explorer\/#primaryimage"},"image":{"@id":"https:\/\/www.voyage-laponie-explorer.org\/index.php\/voyage-laponie-raid-motoneige-2025-2026-tout-compris-voyages-sejours-finlande-suede-laponie-explorer\/#primaryimage"},"thumbnailUrl":"http:\/\/www.voyage-laponie-explorer.org\/wp-content\/uploads\/2024\/05\/voyage-laponie-raid-motoneige-2025-2026-tout-compris-voyages-sejours-finlande-suede-laponie-explorer-1024x571.jpg","datePublished":"2024-05-12T10:01:05+00:00","dateModified":"2024-07-06T06:51:22+00:00","description":"voyage Laponie raid motoneige 2025 2026 tout compris voyages s\u00e9jours Finlande Su\u00e8de Laponie Explorer, voyage s\u00e9jour Laponie raid motoneige 2025 2026 tout compris voyages s\u00e9jours Finlande Su\u00e8de Laponie Explorer","breadcrumb":{"@id":"https:\/\/www.voyage-laponie-explorer.org\/index.php\/voyage-laponie-raid-motoneige-2025-2026-tout-compris-voyages-sejours-finlande-suede-laponie-explorer\/#breadcrumb"},"inLanguage":"fr-FR","potentialAction":[{"@type":"ReadAction","target":["https:\/\/www.voyage-laponie-explorer.org\/index.php\/voyage-laponie-raid-motoneige-2025-2026-tout-compris-voyages-sejours-finlande-suede-laponie-explorer\/"]}]},{"@type":"ImageObject","inLanguage":"fr-FR","@id":"https:\/\/www.voyage-laponie-explorer.org\/index.php\/voyage-laponie-raid-motoneige-2025-2026-tout-compris-voyages-sejours-finlande-suede-laponie-explorer\/#primaryimage","url":"https:\/\/www.voyage-laponie-explorer.org\/wp-content\/uploads\/2024\/05\/voyage-laponie-raid-motoneige-2025-2026-tout-compris-voyages-sejours-finlande-suede-laponie-explorer.jpg","contentUrl":"https:\/\/www.voyage-laponie-explorer.org\/wp-content\/uploads\/2024\/05\/voyage-laponie-raid-motoneige-2025-2026-tout-compris-voyages-sejours-finlande-suede-laponie-explorer.jpg","width":1200,"height":669,"caption":"voyage Laponie raid motoneige 2025 2026 tout compris voyages s\u00e9jours Finlande Su\u00e8de Laponie Explorer"},{"@type":"BreadcrumbList","@id":"https:\/\/www.voyage-laponie-explorer.org\/index.php\/voyage-laponie-raid-motoneige-2025-2026-tout-compris-voyages-sejours-finlande-suede-laponie-explorer\/#breadcrumb","itemListElement":[{"@type":"ListItem","position":1,"name":"Accueil","item":"https:\/\/www.voyage-laponie-explorer.org\/"},{"@type":"ListItem","position":2,"name":"Voyage Laponie Raid Motoneige"}]},{"@type":"WebSite","@id":"https:\/\/www.voyage-laponie-explorer.org\/#website","url":"https:\/\/www.voyage-laponie-explorer.org\/","name":"Laponie Explorer","description":"Laponie finlandaise et su\u00e9doise","potentialAction":[{"@type":"SearchAction","target":{"@type":"EntryPoint","urlTemplate":"https:\/\/www.voyage-laponie-explorer.org\/?s={search_term_string}"},"query-input":"required name=search_term_string"}],"inLanguage":"fr-FR"}]}},"_links":{"self":[{"href":"https:\/\/www.voyage-laponie-explorer.org\/index.php\/wp-json\/wp\/v2\/pages\/38","targetHints":{"allow":["GET"]}}],"collection":[{"href":"https:\/\/www.voyage-laponie-explorer.org\/index.php\/wp-json\/wp\/v2\/pages"}],"about":[{"href":"https:\/\/www.voyage-laponie-explorer.org\/index.php\/wp-json\/wp\/v2\/types\/page"}],"author":[{"embeddable":true,"href":"https:\/\/www.voyage-laponie-explorer.org\/index.php\/wp-json\/wp\/v2\/users\/1"}],"replies":[{"embeddable":true,"href":"https:\/\/www.voyage-laponie-explorer.org\/index.php\/wp-json\/wp\/v2\/comments?post=38"}],"version-history":[{"count":6,"href":"https:\/\/www.voyage-laponie-explorer.org\/index.php\/wp-json\/wp\/v2\/pages\/38\/revisions"}],"predecessor-version":[{"id":105,"href":"https:\/\/www.voyage-laponie-explorer.org\/index.php\/wp-json\/wp\/v2\/pages\/38\/revisions\/105"}],"wp:attachment":[{"href":"https:\/\/www.voyage-laponie-explorer.org\/index.php\/wp-json\/wp\/v2\/media?parent=38"}],"curies":[{"name":"wp","href":"https:\/\/api.w.org\/{rel}","templated":true}]}}